lculate the highest common factor of 145 and 2813.
29
Calculate the greatest common divisor of 616 and 1120.
56
What is the greatest common factor of 2709 and 21?
21
Calculate the highest common divisor of 3266 and 142.
142
What is the highest common divisor of 2034 and 27?
9
Calculate the greatest common factor of 50 and 975.
25
Calculate the highest common divisor of 153 and 7599.
51
Calculate the highest common factor of 308 and 28.
28
What is the greatest common factor of 4 and 1094?
2
What is the highest common divisor of 41 and 1?
1
Calculate the greatest common factor of 527 and 93.
31
Calculate the highest common factor of 10 and 325.
5
Calculate the greatest common factor of 3 and 2859.
3
What is the highest common divisor of 14 and 686?
14
Calculate the greatest common factor of 48 and 1296.
48
What is the highest common factor of 496 and 1302?
62
Calculate the highest common factor of 15914 and 436.
218
Calculate the highest common factor of 1624 and 56.
56
Calculate the highest common factor of 1170 and 90.
90
What is the greatest common factor of 98 and 833?
49
Calculate the highest common factor of 45 and 160.
5
What is the highest common factor of 18 and 3222?
18
Calculate the greatest common divisor of 12 and 66.
6
Calculate the highest common factor of 74 and 37518.
74
Calculate the greatest common divisor of 862 and 2.
2
Calculate the highest common factor of 476 and 28.
28
What is the highest common divisor of 551 and 38?
19
What is the greatest common factor of 30 and 120?
30
Calculate the greatest common divisor of 231 and 539.
77
What is the greatest common factor of 86 and 258?
86
What is the highest common factor of 125 and 50?
25
What is the greatest common divisor of 234 and 18?
18
Calculate the highest common divisor of 196 and 8575.
49
What is the greatest common divisor of 63 and 203?
7
Calculate the greatest common divisor of 190 and 1970.
10
Calculate the greatest common divisor of 2321 and 11.
11
What is the highest common factor of 31 and 14291?
31
Calculate the greatest common factor of 126 and 7938.
126
What is the highest common divisor of 465 and 35?
5
Calculate the highest common divisor of 31866 and 6.
6
Calculate the highest common factor of 30 and 7000.
10
What is the greatest common factor of 12 and 42?
6
What is the highest common divisor of 16 and 24?
8
Calculate the highest common divisor of 204 and 5882.
34
Calculate the greatest common divisor of 5360 and 10.
10
What is the highest common factor of 169 and 1469?
13
Calculate the greatest common divisor of 13 and 2743.
13
Calculate the highest common divisor of 19206 and 132.
66
What is the greatest common divisor of 12 and 39?
3
Calculate the highest common divisor of 649 and 177.
59
Calculate the greatest common factor of 234 and 306.
18
Calculate the greatest common factor of 938 and 994.
14
What is the highest common factor of 18 and 1350?
18
Calculate the greatest common divisor of 39 and 1209.
39
Calculate the highest common factor of 945 and 805.
35
What is the highest common divisor of 1003 and 59?
59
Calculate the greatest common divisor of 154 and 638.
22
What is the highest common factor of 102 and 51?
51
Calculate the greatest common divisor of 140 and 20.
20
What is the highest common divisor of 97 and 1?
1
What is the greatest common factor of 2187 and 567?
81
What is the greatest common factor of 469 and 77?
7
Calculate the highest common factor of 50 and 160.
10
Calculate the greatest common divisor of 14 and 315.
7
Calculate the highest common divisor of 15594 and 207.
69
Calculate the greatest common factor of 112 and 37296.
112
Calculate the greatest common factor of 616 and 4046.
14
Calculate the greatest common factor of 7693 and 49.
49
Calculate the greatest common factor of 15576 and 11.
11
Calculate the greatest common divisor of 108 and 11556.
108
What is the greatest common factor of 315 and 105?
105
Calculate the highest common factor of 166 and 7221.
83
What is the greatest common factor of 96 and 2928?
48
What is the greatest common divisor of 5136 and 48?
48
Calculate the greatest common divisor of 7 and 7763.
7
What is the highest common divisor of 375 and 15?
15
Calculate the highest common divisor of 6132 and 504.
84
Calculate the highest common factor of 752 and 5546.
94
What is the greatest common divisor of 276 and 72?
12
What is the greatest common factor of 10 and 105?
5
What is the greatest common factor of 21 and 231?
21
What is the highest common divisor of 13088 and 32?
32
What is the greatest common divisor of 96 and 36?
12
What is the highest common factor of 4 and 788?
4
What is the greatest common factor of 1377 and 117?
9
What is the greatest common factor of 5 and 185?
5
Calculate the greatest common divisor of 350 and 2000.
50
Calculate the highest common divisor of 484 and 66.
22
Calculate the highest common divisor of 2596 and 590.
118
What is the greatest common divisor of 518 and 14?
14
What is the greatest common divisor of 513 and 864?
27
What is the highest common divisor of 6490 and 110?
110
What is the greatest common divisor of 55 and 143?
11
What is the highest common factor of 546 and 234?
78
What is the highest common divisor of 6 and 402?
6
What is the highest common factor of 48 and 54?
6
What is the highest common factor of 206 and 8?
2
What is the highest common factor of 49 and 294?
49
Calculate the highest common divisor of 91 and 7.
7
What is the greatest common divisor of 3074 and 106?
106
Calculate the highest common divisor of 2008 and 48.
8
What is the highest common factor of 236 and 14101?
59
What is the greatest common divisor of 81 and 2124?
9
What is the greatest common divisor of 1046 and 2?
2
What is the highest common factor of 209 and 99?
11
What is the highest common divisor of 2079 and 77?
77
What is the greatest common divisor of 15 and 1970?
5
What is the highest common factor of 1728 and 162?
54
What is the highest common divisor of 112 and 2792?
8
Calculate the highest common factor of 69 and 10925.
23
What is the highest common factor of 5 and 65?
5
What is the highest common factor of 2520 and 104?
8
Calculate the highest common divisor of 2487 and 21.
3
Calculate the highest common divisor of 42 and 5264.
14
What is the greatest common factor of 6516 and 36?
36
What is the greatest common divisor of 60 and 540?
60
What is the highest common factor of 43 and 19909?
43
Calculate the greatest common divisor of 1280 and 280.
40
Calculate the highest common factor of 6080 and 95.
95
Calculate the greatest common divisor of 1182 and 24.
6
What is the highest common divisor of 13 and 3?
1
Calculate the highest common divisor of 7 and 77.
7
What is the greatest common factor of 848 and 16?
16
What is the greatest common divisor of 53 and 1590?
53
What is the highest common divisor of 224 and 1624?
56
Calculate the highest common divisor of 4485 and 130.
65
Calculate the greatest common divisor of 576 and 60.
12
Calculate the highest common factor of 59 and 23659.
59
What is the highest common divisor of 112 and 2696?
8
What is the greatest common factor of 16 and 9?
1
What is the greatest common factor of 186 and 1240?
62
Calculate the highest common factor of 27 and 201.
3
Calculate the greatest common divisor of 3232 and 1414.
202
What is the highest common factor of 152 and 6726?
38
Calculate the highest common divisor of 30 and 204.
6
What is the highest common factor of 185 and 10?
5
Calculate the highest common factor of 934 and 62.
2
Calculate the greatest common divisor of 8344 and 84.
28
What is the greatest common divisor of 816 and 306?
102
Calculate the greatest common factor of 56 and 8.
8
Calculate the highest common divisor of 25 and 225.
25
Calculate the greatest common divisor of 77 and 7469.
77
Calculate the greatest common factor of 235 and 13019.
47
What is the greatest common divisor of 522 and 99?
9
Calculate the highest common factor of 176 and 77.
11
What is the highest common factor of 32 and 32?
32
What is the greatest common divisor of 40 and 30?
10
What is the greatest common divisor of 522 and 116?
58
Calculate the highest common factor of 224 and 12.
4
Calculate the greatest common factor of 128 and 152.
8
What is the greatest commo